-150
Let a(u) = -u**3 - 4*u**2 - 79353*u + 79358. What is a(1)?
0
Let z(w) = -623*w**2 - 14*w + 39. Calculate z(2).
-2481
Let y(p) = -3*p**3 + p**2 + 29*p + 179. Calculate y(-5).
434
Let n(w) = -w**3 - 20*w**2 - 43*w + 60. Calculate n(-12).
-576
Let t(h) = -5*h**2 - 3376*h - 182324. Determine t(-616).
12
Let w(k) = 4*k**3 + 52*k**2 + 18*k + 314. Determine w(-13).
80
Let x(m) = m**3 + 54*m**2 - 6*m + 457. Determine x(-54).
781
Let w(u) = -3*u**2 - 794*u - 6218. Calculate w(-8).
-58
Let f(j) = -19937*j + 119658. Determine f(6).
36
Let y(w) = w**3 + 520*w**2 + 20523*w + 528. Calculate y(-43).
12
Let x(r) = 17984*r - 1456697. What is x(81)?
7
Let y(r) = 4*r**2 - 1761*r - 27327. What is y(-15)?
-12
Let s(w) = -1872*w - 12849. Calculate s(-7).
255
Let f(j) = -426*j**2 + 304577*j + 9293. Calculate f(715).
-2
Let d(r) = 2*r**3 - 156*r**2 - 272*r + 32819. What is d(77)?
17
Let n(u) = -1181*u - 282256. What is n(-239)?
3
Let i(r) = 356*r**2 + 3052*r - 1374. Calculate i(-9).
-6
Let o(m) = m**3 + 153*m**2 + 1173*m + 1894. Calculate o(-145).
9
Let b(n) = -n**3 - 76*n**2 + 3723*n - 1952. Determine b(-110).
-82
Let y(v) = -277*v - 27896. What is y(-100)?
-196
Let v(a) = 39*a**2 + 175*a - 302. What is v(-7)?
384
Let l(g) = 2*g**3 - 11*g**2 - 502*g + 4591. Give l(9).
640
Let q(f) = 23373*f - 1799699. Calculate q(77).
22
Let b(m) = -77*m**2 + 263*m + 9. Give b(4).
-171
Let g(u) = u**3 + 226*u**2 + 3745*u + 26. Calculate g(-18).
8
Let k(o) = -o**3 - 31*o**2 + 482*o + 986. Give k(-42).
146
Let r(u) = 2*u**3 - 40*u**2 + 22673*u - 430063. Determine r(19).
2
Let k(l) = 205282*l + 205379. Give k(-1).
97
Let x(n) = -261*n**3 - 18*n**2 - 48*n - 24. Calculate x(-1).
267
Let n(p) = 1561*p + 9058. What is n(-6)?
-308
Let w(q) = 204*q**3 - 32641*q**2 + 163*q - 458. Determine w(160).
22
Let g(i) = -6073*i + 23368. Calculate g(4).
-924
Let q(a) = 1751*a + 47889. Determine q(-27).
612
Let q(d) = 6*d**2 + 11492*d - 150461. What is q(13)?
-51
Let w(i) = 2*i**3 - 70*i**2 - 694*i + 18. Determine w(43).
-240
Let f(z) = 27379*z - 465435. What is f(17)?
8
Let s(g) = 8511*g - 229964. Give s(27).
-167
Let i(p) = -17*p - 6747. Calculate i(-372).
-423
Let t(v) = -v**2 + 2275*v - 573939. Determine t(289).
15
Let l(w) = -97*w - 3085. Determine l(-25).
-660
Let w(h) = 2*h**3 - 42*h**2 + 303*h - 118. What is w(16)?
2170
Let j(l) = l**2 + 181*l + 3678. Determine j(-23).
44
Let l(o) = 3*o**3 + 52*o**2 + 2500*o + 7104. Determine l(-3).
-9
Let r(z) = 1426*z**2 - 32779*z - 144. Give r(23).
293
Let r(s) = -s**2 + 10427*s - 301548. Calculate r(29).
-6
Let x(g) = -2*g**2 - 802*g - 21069. Give x(-27).
-873
Let t(n) = 382*n + 45986. Calculate t(-116).
1674
Let x(f) = -f**3 - 144*f**2 - 264*f + 3301. What is x(-142)?
461
Let t(n) = -2*n**2 + 9007*n - 1052048. Calculate t(120).
-8
Let k(j) = -j**3 - 6*j**2 + 2577*j + 15456. Give k(-6).
-6
Let r(h) = 87*h**2 - 2360*h + 141. Determine r(27).
-156
Let i(l) = 336181*l - 2017080. Give i(6).
6
Let j(t) = 7*t**3 - 9*t**2 + 77*t + 185. What is j(-2)?
-61
Let i(l) = 54*l**2 - 600*l - 253. What is i(11)?
-319
Let k(c) = -6*c**2 - 1089*c + 13648. Give k(-193).
331
Let h(u) = u**2 - 21398*u + 15187299. Determine h(735).
-6
Let p(f) = 5*f**2 + 101*f - 2183. Calculate p(13).
-25
Let l(n) = 10*n**3 - 439*n**2 - 45*n + 75. What is l(44)?
31
Let v(q) = -61*q**3 + 345*q**2 + 692*q - 5. Give v(-2).
479
Let i(r) = r**3 + 16*r**2 + 755*r + 10167. Calculate i(-14).
-11
Let y(v) = -4*v**3 + 29*v**2 + 112*v + 110. Determine y(-2).
34
Let y(j) = -j**3 - 94*j**2 - 208*j - 1148. Determine y(-92).
1060
Let v(q) = -1805*q + 19909. Give v(11).
54
Let i(s) = -s**2 - 8329*s - 8344. What is i(-1)?
-16
Let u(o) = -o**2 + 1850*o - 7374. Give u(4).
10
Let g(u) = 169*u**2 - 1014*u - 3. Determine g(6).
-3
Let l(p) = 2*p**2 + 264*p - 22552. Determine l(-191).
-14
Let r(x) = 5963*x - 77537. Calculate r(13).
-18
Let x(l) = l**3 - 245*l**2 - 252*l + 1470. Calculate x(246).
-6
Let d(n) = n**3 + 101*n**2 - 12*n - 427. What is d(-101)?
785
Let g(w) = 29*w**2 + 285*w + 29. Give g(-11).
403
Let r(g) = -g**2 + 157*g - 2231. Calculate r(145).
-491
Let z(l) = -l**3 + 151*l**2 + 1009*l + 15597. Give z(158).
271
Let n(d) = -d**3 - 172*d**2 - 828*d + 873. Calculate n(-167).
-296
Let f(g) = -110*g**3 + 30*g**2 + 17*g + 19. Give f(-1).
142
Let x(k) = 4*k**3 - 517*k**2 - 395*k + 654. Give x(130).
4
Let b(w) = 753*w + 101. Calculate b(2).
1607
Let r(q) = -201*q**2 - 1518*q + 725. Determine r(-8).
5
Let a(u) = -2*u**2 + 17*u + 11361. Calculate a(-71).
72
Let h(k) = -k**2 - 514*k + 26025. Determine h(45).
870
Let r(x) = -8*x**2 - 410*x - 3286. What is r(-10)?
14
Let t(n) = -25*n**2 - 820*n - 1401. What is t(-31)?
-6
Let d(z) = 2*z**2 - 436*z - 2175. Calculate d(-5).
55
Let d(v) = v**3 + 77*v**2 + 206*v - 160. What is d(-74)?
1024
Let z(v) = 41*v**2 + 647*v + 2494. What is z(-9)?
-8
Let a(z) = -108622*z - 6734567. What is a(-62)?
-3
Let t(k) = -173*k + 7500. Calculate t(41).
407
Let t(o) = 348*o**2 - 91*o - 18. What is t(1)?
239
Let n(f) = 25*f - 1772. Determine n(71).
3
Let k(s) = -15642*s + 563177. Calculate k(36).
65
Let d(w) = 47*w**2 + 644*w + 8. Determine d(-13).
-421
Let h(z) = -z**3 + 5*z**2 - 1578*z + 10949. Give h(7).
-195
Let g(v) = v**2 - 670*v - 68066. Calculate g(-90).
334
Let c(v) = 10*v**2 - 1407*v + 15067. Calculate c(129).
-26
Let y(w) = -w**3 + 121*w**2 - 423*w - 781. What is y(5)?
4
Let d(u) = -u**2 - 3324*u - 102087. Determine d(-31).
-4
Let w(b) = -13*b**2 - 499*b + 224. Determine w(-39).
-88
Let f(c) = 81*c**2 - 1330*c + 41. Determine f(17).
840
Let f(q) = 171*q + 4635. Give f(-27).
18
Let u(j) = 16*j**3 + 63*j**2 + 22*j + 151. Give u(-7).
-2404
Let p(f) = -131613*f - 258. Determine p(0).
-258
Let d(u) = -19*u**2 + 1156*u - 14585. Determine d(43).
-8
Let v(b) = 2*b**3 - 132*b**2 - 2437*b - 100. Give v(-15).
5
Let x(r) = -11*r**2 + 514*r + 11031. Calculate x(-16).
-9
Let m(z) = z**3 + 14*z**2 + 1103*z - 4713. Give m(4).
-13
Let o(v) = 4*v**3 - 614*v**2 + 5479*v - 992. Give o(144).
16
Let u(f) = -436*f - 5198. Calculate u(-11).
-402
Let g(q) = -12*q**3 + 60*q**2 - 8*q - 152. Determine g(4).
8
Let c(w) = 2*w**3 + 19*w**2 + 302*w + 2198. What is c(-8)?
-26
Let f(i) = -7*i**2 + 135*i - 510. What is f(13)?
62
Let h(s) = s**3 + 172*s**2 + 2076*s + 1449. Determine h(-159).
18
Let f(j) = -481*j**3 + 9*j**2 + 10*j + 2. What is f(-1)?
482
Let n(l) = 18*l**3 + 451*l**2 + 20*l - 38. Give n(-25).
87
Let b(c) = -c**3 - 108*c**2 + 74*c - 1115. Determine b(-109).
2700
Let t(i) = 118*i**2 - 15731*i + 4963. Calculate t(133).
42
Let d(n) = -9*n**3 + 7*n + 29. What is d(-4)?
577
Let f(p) = -1118*p - 305177. Give f(-273).
37
Let y(k) = -9295*k**2 + 37179*k + 14. Determine y(4).
10
Let h(z) = -4*z**3 - 3*z**2 + 372*z + 47. Calculate h(-11).
916
Let k(c) = -c**3 - 41*c**2 - 228*c - 24. Give k(-12).
-1464
Let n(z) = 605*z**2 + 20*z - 21. Determine n(1).
604
Let c(i) = 3*i**2 - 1021*i + 43101. Give c(291).
33
Let o(q) = -16*q**2 - 1407*q - 2863. Give o(-86).
-197
Let q(r) = -4*r**2 - 160*r + 469. Determine q(-41).
305
Let t(d) = -8226*d + 592278. Give t(72).
6
Let z(f) = f**2 + 2170*f - 675034. Give z(276).
62
Let q(x) = 13*x**2 + 1223*x + 91. Calculate q(-94).
-3
Let b(u) = 1430*u - 3438. Calculate b(0).
-3438
Let j(x) = 4*x**3 + 187*x**2 + 168*x + 1377. What is j(-46)?
-3
Let s(z) = 8922*z + 126026. Determine s(-14).
1118
Let c(n) = 5*n**3 + 56*n**2 + 28*n + 176. What is c(-11)?
-11
Let i(a) = a**3 - 521*a**2 + 2043*a + 165. Give i(4).
65
Let d(f) = -2264*f - 887496. Calculate d(-392).
-8
Let p(j) = 7*j**2 - 25*j - 1. Calculate p(3).
-13
Let k(n) = -n**3 - 48*n**2 + 6662*n - 302. Calculate k(-109).
-1719
Let f(j) = -116*j**2 - 6045*j - 823. What is f(-52)?
-147
Let v(z) = z**2 - 213*z + 895. Give v(207).
-347
Let o(s) = 191429*s - 1914299. Give o(10).
-9
Let d(o) = -2*o**3 - 16*o**2 + 102*o - 354. Calculate d(6).
-750
Let d(u) = -2636*u + 10882. Determine d(4).
338
Let u(c) = -278*c**2 - 57*c - 119. Determine u(-2).
-1117
Let y(o) = -93*o**2 - 1180*o - 24. What is y(-13)?
-401
Let a(r) = 5*r**2 - 60312*r - 1450332. Calculate a(-24).
36
Let s(n) = -385*n - 22305. What is s(-59)?
410
Let t(d) = -d**3 + d**2 + 156*d + 400. Give t(-10).
-60
Let z(g) = 51*g - 863. What is z(9)?
-404
Let j(r) = -r**3 - 70*r**2 + 